 of 2699?
2
What is the tens digit of 1256?
5
What is the tens digit of 1749?
4
What is the hundreds digit of 23668?
6
What is the thousands digit of 1396?
1
What is the units digit of 7658?
8
What is the units digit of 7706?
6
What is the thousands digit of 6915?
6
What is the ten thousands digit of 24050?
2
What is the hundreds digit of 3028?
0
What is the hundreds digit of 14238?
2
What is the units digit of 1815?
5
What is the tens digit of 25104?
0
What is the units digit of 59920?
0
What is the tens digit of 652?
5
What is the units digit of 4678?
8
What is the units digit of 10899?
9
What is the tens digit of 2058?
5
What is the hundreds digit of 4677?
6
What is the thousands digit of 14065?
4
What is the hundreds digit of 34379?
3
What is the thousands digit of 14488?
4
What is the ten thousands digit of 25707?
2
What is the units digit of 2700?
0
What is the units digit of 1941?
1
What is the tens digit of 889?
8
What is the tens digit of 976?
7
What is the tens digit of 149058?
5
What is the units digit of 3594?
4
What is the units digit of 7568?
8
What is the units digit of 14059?
9
What is the thousands digit of 1360?
1
What is the thousands digit of 3044?
3
What is the ten thousands digit of 12366?
1
What is the hundreds digit of 582?
5
What is the units digit of 6342?
2
What is the thousands digit of 27984?
7
What is the ten thousands digit of 18997?
1
What is the units digit of 7052?
2
What is the hundreds digit of 1319?
3
What is the tens digit of 4210?
1
What is the tens digit of 922?
2
What is the hundreds digit of 3562?
5
What is the thousands digit of 2177?
2
What is the thousands digit of 2370?
2
What is the hundreds digit of 13816?
8
What is the hundreds digit of 20549?
5
What is the ten thousands digit of 21480?
2
What is the tens digit of 17300?
0
What is the units digit of 10925?
5
What is the tens digit of 6259?
5
What is the thousands digit of 1379?
1
What is the thousands digit of 4742?
4
What is the hundreds digit of 58302?
3
What is the hundreds digit of 5656?
6
What is the tens digit of 108094?
9
What is the ten thousands digit of 13427?
1
What is the units digit of 47777?
7
What is the tens digit of 9395?
9
What is the thousands digit of 10786?
0
What is the hundred thousands digit of 174359?
1
What is the tens digit of 284?
8
What is the hundreds digit of 2048?
0
What is the thousands digit of 30347?
0
What is the units digit of 1128?
8
What is the hundreds digit of 30516?
5
What is the units digit of 42122?
2
What is the hundreds digit of 951?
9
What is the hundreds digit of 5962?
9
What is the hundreds digit of 146529?
5
What is the hundreds digit of 3996?
9
What is the tens digit of 20905?
0
What is the thousands digit of 2189?
2
What is the units digit of 2760?
0
What is the hundreds digit of 2460?
4
What is the tens digit of 139294?
9
What is the units digit of 3738?
8
What is the hundreds digit of 6055?
0
What is the hundreds digit of 11535?
5
What is the tens digit of 458?
5
What is the units digit of 496?
6
What is the tens digit of 8037?
3
What is the ten thousands digit of 31553?
3
What is the units digit of 304?
4
What is the tens digit of 541?
4
What is the tens digit of 477?
7
What is the tens digit of 1082?
8
What is the ten thousands digit of 19749?
1
What is the tens digit of 1113?
1
What is the units digit of 19927?
7
What is the tens digit of 3304?
0
What is the tens digit of 15696?
9
What is the hundreds digit of 232?
2
What is the tens digit of 861?
6
What is the thousands digit of 1130?
1
What is the hundreds digit of 5453?
4
What is the tens digit of 27407?
0
What is the tens digit of 8809?
0
What is the units digit of 856?
6
What is the units digit of 2853?
3
What is the hundreds digit of 6103?
1
What is the ten thousands digit of 14495?
1
What is the hundreds digit of 487?
4
What is the units digit of 388?
8
What is the tens digit of 18?
1
What is the tens digit of 23175?
7
What is the thousands digit of 1057?
1
What is the hundreds digit of 368?
3
What is the tens digit of 1520?
2
What is the ten thousands digit of 56017?
5
What is the hundreds digit of 1897?
8
What is the tens digit of 14807?
0
What is the ten thousands digit of 18715?
1
What is the hundreds digit of 6721?
7
What is the units digit of 492?
2
What is the units digit of 904?
4
What is the units digit of 345?
5
What is the tens digit of 913?
1
What is the hundreds digit of 100?
1
What is the tens digit of 1030?
3
What is the hundreds digit of 2966?
9
What is the hundreds digit of 5678?
6
What is the hundreds digit of 8153?
1
What is the thousands digit of 6163?
6
What is the tens digit of 873?
7
What is the tens digit of 5290?
9
What is the hundreds digit of 8989?
9
What is the thousands digit of 2364?
2
What is the thousands digit of 2939?
2
What is the thousands digit of 1849?
1
What is the units digit of 932?
2
What is the tens digit of 76793?
9
What is the tens digit of 13055?
5
What is the hundreds digit of 7220?
2
What is the ten thousands digit of 25251?
2
What is the tens digit of 395?
9
What is the units digit of 312?
2
What is the hundreds digit of 3425?
4
What is the thousands digit of 37471?
7
What is the thousands digit of 7737?
7
What is the hundreds digit of 22324?
3
What is the ten thousands digit of 24598?
2
What is the hundreds digit of 2211?
2
What is the thousands digit of 71041?
1
What is the hundreds digit of 1544?
5
What is the units digit of 18319?
9
What is the tens digit of 69949?
4
What is the thousands digit of 77666?
7
What is the hundreds digit of 8662?
6
What is the units digit of 12110?
0
What is the hundreds digit of 834?
8
What is the hundreds digit of 2930?
9
What is the tens digit of 4103?
0
What is the thousands digit of 7999?
7
What is the units digit of 4987?
7
What is the hundreds digit of 2970?
9
What is the tens digit of 527?
2
What is the tens digit of 2235?
3
What is the hundreds digit of 719?
7
What is the tens digit of 125?
2
What is the units digit of 800?
0
What is the units digit of 4134?
4
What is the ten thousands digit of 11524?
1
What is the hundreds digit of 21875?
8
What is the hundreds digit of 4197?
1
What is the tens digit of 3906?
0
What is the hundreds digit of 2718?
7
What is the tens digit of 10096?
9
What is the hundreds digit of 980?
9
What is the tens digit of 32520?
2
What is the units digit of 6002?
2
What is the units digit of 11186?
6
What is the tens digit of 18151?
5
What is the thousands digit of 7699?
7
What is the thousands digit of 1717?
1
What is the thousands digit of 54365?
4
What is the tens digit of 34325?
2
What is the hundreds digit of 6601?
6
What is the tens digit of 74148?
4
What is the hundreds digit of 1568?
5
What is the hundreds digit of 10518?
5
What is the tens digit of 9349?
4
What is the tens digit of 3927?
2
What is the tens digit of 1343?
4
What is the thousands digit of 3389?
3
What is the thousands digit of 3610?
3
What is the tens digit of 9270?
7
What is the tens digit of 30327?
2
What is the units digit of 64055?
5
What is the tens digit of 618?
1
What is the hundreds digit of 1174?
1
What is the units digit of 6715?
5
What is the ten thousands digit of 48727?
4
What is the units digit of 821?
1
What is the units digit of 27016?
6
What is the tens digit of 31?
3
What is the units digit of 671?
1
What is the hundred thousands digit of 179794?
1
What is the tens digit of 4261?
6
What is the hundreds digit of 1755?
7
What is the hundreds digit of 25621?
6
What is the tens digit of 10784?
8
What is the tens digit of 91?
9
What is the tens digit of 62?
6
What is the ten thousands digit of 176838?
7
What is the units digit of 1489?
9
What is the thousands digit of 23540?
3
What is the units digit of 3093?
3
What is the thousands digit of 2143?
2
What is the hundreds digit of 9988?
9
What is the thousands digit of 5449?
5
What is the thousands digit of 5778?
5
What is the tens digit of 16911?
1
What is the units digit of 11308?
8
What is the tens digit of 226?
2
What is the tens digit of 35153?
5
What is the thousands digit of 62627?
2
What is the units digit of 29701?
1
What is the tens digit of 493?
9
What is the thousands digit of 1439?
1
What is the ten thousands digit of 37408?
3
What is the units digit of 62174?
4
What 